{"id":688,"date":"2022-11-23T20:26:57","date_gmt":"2022-11-23T19:26:57","guid":{"rendered":"https:\/\/www.instaluj.cz\/anydesk\/?page_id=688"},"modified":"2023-02-08T17:33:04","modified_gmt":"2023-02-08T16:33:04","slug":"anydesk-free","status":"publish","type":"page","link":"https:\/\/www.instaluj.cz\/anydesk\/informace-anydesk\/licence-anydesk\/anydesk-free\/","title":{"rendered":"AnyDesk Free"},"content":{"rendered":"\n<div class=\"wp-block-cover is-light has-parallax\"><span aria-hidden=\"true\" class=\"wp-block-cover__background has-background-dim\"><\/span><div role=\"img\" class=\"wp-block-cover__image-background wp-image-692 has-parallax\" style=\"background-position:50% 50%;background-image:url(https:\/\/www.instaluj.cz\/anydesk\/wp-content\/uploads\/2022\/11\/smartphone-security-desk.jpg)\"><\/div><div class=\"wp-block-cover__inner-container is-layout-flow wp-block-cover-is-layout-flow\">\n<p><\/p>\n\n\n\n<h2 class=\"has-text-align-center has-white-color has-text-color wp-block-heading\">S AnyDesk Free se p\u0159ipojujte ke vzd\u00e1len\u00e9 plo\u0161e po\u010d\u00edta\u010de, telefonu a dal\u0161\u00edch za\u0159\u00edzen\u00ed zdarma. <\/h2>\n<\/div><\/div>\n\n\n\n<div style=\"height:100px\" aria-hidden=\"true\" class=\"wp-block-spacer\"><\/div>\n\n\n\n<p>Z\u00e1kladn\u00ed verze <strong>AnyDesk Free<\/strong> je zdarma. Lze ji pou\u017e\u00edt pouze pro osobn\u00ed nekomer\u010dn\u00ed \u00fa\u010dely. M\u016f\u017eete se tak p\u0159ipojovat ke vzd\u00e1len\u00e9 plo\u0161e vlastn\u00edch po\u010d\u00edta\u010d\u016f, notebook\u016f, telefon\u016f a dal\u0161\u00edch za\u0159\u00edzen\u00ed. Samoz\u0159ejm\u011b lze s touto verzi <strong>bezplatn\u011b<\/strong> pom\u00e1hat <strong>rodin\u011b a zn\u00e1m\u00fdm<\/strong>.<\/p>\n\n\n\n<p>Jednou z v\u00fdhod programu <strong>AnyDesk<\/strong> je bezesporu jeho kompaktnost. Program <strong>nen\u00ed nutno instalovat<\/strong>. Sta\u010d\u00ed st\u00e1hnout mal\u00fd spustiteln\u00fd soubor, kter\u00fd spust\u00edte a m\u016f\u017eete pou\u017e\u00edvat. <\/p>\n\n\n\n<p>Krom\u011b toho, \u017ee z\u00e1kladn\u00ed licence <strong>AnyDesk Free<\/strong> je pouze pro osobn\u00ed \u00fa\u010dely, m\u00e1 i dal\u0161\u00ed omezen\u00ed funkc\u00ed oproti komer\u010dn\u00edm verz\u00edm.<\/p>\n\n\n\n<h2 class=\"wp-block-heading\"><a href=\"https:\/\/www.instaluj.cz\/anydesk-download?zdroj=myany\" target=\"_blank\" rel=\"noopener\" title=\"\">AnyDesk Free<\/a><\/h2>\n\n\n\n<ul class=\"wp-block-list\">\n<li>Pro jednoho nekomer\u010dn\u00edho u\u017eivatele<\/li>\n\n\n\n<li>maxim\u00e1ln\u011b 3 spravovan\u00e1 za\u0159\u00edzen\u00ed s bezobslu\u017en\u00fdm p\u0159\u00edstupem<\/li>\n\n\n\n<li>p\u0159ipojen\u00ed pouze z jednoho za\u0159\u00edzen\u00ed<\/li>\n\n\n\n<li>neomezen\u00fd p\u0159\u00edstup k za\u0159\u00edzen\u00edm, kde je vy\u017eadov\u00e1no schv\u00e1len\u00ed spojen\u00ed na stran\u011b u\u017eivatele<\/li>\n<\/ul>\n\n\n<div class=\"wp-block-image\">\n<figure class=\"aligncenter size-full is-resized\"><a href=\"https:\/\/www.instaluj.cz\/anydesk\/download\" target=\"_blank\" rel=\"noreferrer noopener\"><img loading=\"lazy\" decoding=\"async\" src=\"https:\/\/www.instaluj.cz\/anydesk\/wp-content\/uploads\/2022\/11\/Download.png\" alt=\"St\u00e1hnout\" class=\"wp-image-665\" width=\"92\" height=\"42\"\/><\/a><\/figure>\n<\/div>\n\n\n<p><\/p>\n\n\n\n<p>Srovn\u00e1n\u00ed AnyDesk Free s dal\u0161\u00edmi verzemi programu naleznete na <a href=\"https:\/\/www.instaluj.cz\/anydesk\/ceny\/\" target=\"_blank\" rel=\"noopener\" title=\"\">t\u00e9to adrese<\/a><\/p>\n","protected":false},"excerpt":{"rendered":"<p>Z\u00e1kladn\u00ed verze AnyDesk Free je zdarma. Lze ji pou\u017e\u00edt pouze pro osobn\u00ed nekomer\u010dn\u00ed \u00fa\u010dely. M\u016f\u017eete se tak p\u0159ipojovat ke vzd\u00e1len\u00e9 plo\u0161e vlastn\u00edch po\u010d\u00edta\u010d\u016f, notebook\u016f, telefon\u016f a dal\u0161\u00edch za\u0159\u00edzen\u00ed. Samoz\u0159ejm\u011b lze s touto verzi bezplatn\u011b pom\u00e1hat rodin\u011b a zn\u00e1m\u00fdm. Jednou z v\u00fdhod programu AnyDesk je bezesporu jeho kompaktnost. Program nen\u00ed nutno instalovat. Sta\u010d\u00ed st\u00e1hnout mal\u00fd spustiteln\u00fd [&hellip;]<\/p>\n","protected":false},"author":1,"featured_media":0,"parent":680,"menu_order":0,"comment_status":"closed","ping_status":"closed","template":"","meta":{"om_disable_all_campaigns":false,"_monsterinsights_skip_tracking":false,"_monsterinsights_sitenote_active":false,"_monsterinsights_sitenote_note":"","_monsterinsights_sitenote_category":0,"footnotes":""},"class_list":["post-688","page","type-page","status-publish","hentry"],"aioseo_notices":[],"_links":{"self":[{"href":"https:\/\/www.instaluj.cz\/anydesk\/wp-json\/wp\/v2\/pages\/688","targetHints":{"allow":["GET"]}}],"collection":[{"href":"https:\/\/www.instaluj.cz\/anydesk\/wp-json\/wp\/v2\/pages"}],"about":[{"href":"https:\/\/www.instaluj.cz\/anydesk\/wp-json\/wp\/v2\/types\/page"}],"author":[{"embeddable":true,"href":"https:\/\/www.instaluj.cz\/anydesk\/wp-json\/wp\/v2\/users\/1"}],"replies":[{"embeddable":true,"href":"https:\/\/www.instaluj.cz\/anydesk\/wp-json\/wp\/v2\/comments?post=688"}],"version-history":[{"count":9,"href":"https:\/\/www.instaluj.cz\/anydesk\/wp-json\/wp\/v2\/pages\/688\/revisions"}],"predecessor-version":[{"id":1023,"href":"https:\/\/www.instaluj.cz\/anydesk\/wp-json\/wp\/v2\/pages\/688\/revisions\/1023"}],"up":[{"embeddable":true,"href":"https:\/\/www.instaluj.cz\/anydesk\/wp-json\/wp\/v2\/pages\/680"}],"wp:attachment":[{"href":"https:\/\/www.instaluj.cz\/anydesk\/wp-json\/wp\/v2\/media?parent=688"}],"curies":[{"name":"wp","href":"https:\/\/api.w.org\/{rel}","templated":true}]}}