{"id":539,"date":"2022-10-22T21:06:55","date_gmt":"2022-10-22T19:06:55","guid":{"rendered":"https:\/\/www.instaluj.cz\/anydesk\/?page_id=539"},"modified":"2023-09-03T19:54:28","modified_gmt":"2023-09-03T18:54:28","slug":"on-premises-nebo-cloud-ultimate","status":"publish","type":"page","link":"https:\/\/www.instaluj.cz\/anydesk\/proc-anydesk\/on-premises-nebo-cloud-ultimate\/","title":{"rendered":"Cloud nebo On-Premises"},"content":{"rendered":"\n<p class=\"has-text-align-center\">Objevte <strong><a href=\"https:\/\/www.instaluj.cz\/anydesk\/informace-anydesk\/licence-anydesk\/anydesk-ultimate\/\" title=\"AnyDesk Ultimate\">AnyDesk Ultimate<\/a><\/strong> v cloudu nebo na vlastn\u00ed infrastruktu\u0159e (On-Premises)<\/p>\n\n\n\n<div class=\"wp-block-cover has-parallax\"><span aria-hidden=\"true\" class=\"wp-block-cover__background has-background-dim\"><\/span><div role=\"img\" class=\"wp-block-cover__image-background wp-image-540 has-parallax\" style=\"background-position:50% 50%;background-image:url(https:\/\/www.instaluj.cz\/anydesk\/wp-content\/uploads\/2022\/10\/computer-inside-server.jpg)\"><\/div><div class=\"wp-block-cover__inner-container is-layout-flow wp-block-cover-is-layout-flow\">\n<div style=\"height:100px\" aria-hidden=\"true\" class=\"wp-block-spacer\"><\/div>\n\n\n\n<p class=\"has-text-align-center has-white-color has-text-color has-large-font-size\">AnyDesk nab\u00edz\u00ed maxim\u00e1ln\u00ed flexibilitu a p\u0159\u00edzp\u016fsob\u00ed se tak, aby spl\u0148oval va\u0161e po\u017eadavky politiky bezpe\u010dnostn\u00edch z\u00e1sad.<\/p>\n\n\n\n<div style=\"height:100px\" aria-hidden=\"true\" class=\"wp-block-spacer\"><\/div>\n\n\n\n<div class=\"wp-block-buttons is-layout-flex wp-block-buttons-is-layout-flex\">\n<div class=\"wp-block-button aligncenter\"><a class=\"wp-block-button__link has-white-color has-text-color has-background wp-element-button\" href=\"https:\/\/www.instaluj.cz\/anydesk\/poptavka\/\" style=\"background-color:#ef443b\">Poptat<\/a><\/div>\n<\/div>\n\n\n\n<div style=\"height:100px\" aria-hidden=\"true\" class=\"wp-block-spacer\"><\/div>\n<\/div><\/div>\n\n\n\n<div style=\"height:100px\" aria-hidden=\"true\" class=\"wp-block-spacer\"><\/div>\n\n\n\n<div class=\"wp-block-columns is-layout-flex wp-container-core-columns-is-layout-9d6595d7 wp-block-columns-is-layout-flex\">\n<div class=\"wp-block-column is-layout-flow wp-block-column-is-layout-flow\">\n<h2 class=\"wp-block-heading\">Cloud<\/h2>\n\n\n\n<ul class=\"wp-block-list\">\n<li>Vhodn\u00e9 pro firmy v\u0161ech velikosti.<\/li>\n\n\n\n<li>V cen\u011b licence je podpora a aktualizace (na 1 rok)<\/li>\n\n\n\n<li>Nez\u00e1visl\u00e1 infrastruktura server\u016f po cel\u00e9m sv\u011bt\u011b<\/li>\n\n\n\n<li>Spolehliv\u00e1 slu\u017eba s v\u00edce ne\u017e 99% dostupnosti<\/li>\n\n\n\n<li>Dostupn\u00e1 mo\u017enost personifikace klienta na m\u00edru<\/li>\n<\/ul>\n<\/div>\n\n\n\n<div class=\"wp-block-column is-layout-flow wp-block-column-is-layout-flow\">\n<h2 class=\"wp-block-heading\">On-Premises<\/h2>\n\n\n\n<ul class=\"wp-block-list\">\n<li>Vhodn\u00e9 pro z\u00e1kazn\u00edky s vlastn\u00ed bezpe\u010dnostn\u00ed politikou (nap\u0159. st\u00e1tn\u00ed spr\u00e1va, velk\u00e9 korporace apod&#8230;)<\/li>\n\n\n\n<li>P\u0159izp\u016fsobiteln\u00e9 \u0159e\u0161en\u00ed<\/li>\n\n\n\n<li>Pokro\u010dil\u00e9 rozhran\u00ed API<\/li>\n\n\n\n<li>Samostatn\u00e9 hostov\u00e1n\u00ed a vlastn\u00ed spr\u00e1va va\u0161\u00edm IT t\u00fdmem<\/li>\n\n\n\n<li>Data z\u016fst\u00e1vaj\u00ed v r\u00e1mci va\u0161\u00ed podnikov\u00e9 s\u00edt\u011b<\/li>\n<\/ul>\n<\/div>\n<\/div>\n\n\n\n<p class=\"has-text-align-center\">AnyDesk Ultimate je vhodn\u00e9 \u0159e\u0161en\u00ed pro St\u00e1tn\u00ed Spr\u00e1vu, Zdravotnictv\u00ed a Podniky.<\/p>\n","protected":false},"excerpt":{"rendered":"<p>Objevte AnyDesk Ultimate v cloudu nebo na vlastn\u00ed infrastruktu\u0159e (On-Premises) Cloud On-Premises AnyDesk Ultimate je vhodn\u00e9 \u0159e\u0161en\u00ed pro St\u00e1tn\u00ed Spr\u00e1vu, Zdravotnictv\u00ed a Podniky.<\/p>\n","protected":false},"author":1,"featured_media":0,"parent":30,"menu_order":0,"comment_status":"closed","ping_status":"closed","template":"template\/fullwidth.php","meta":{"om_disable_all_campaigns":false,"_monsterinsights_skip_tracking":false,"_monsterinsights_sitenote_active":false,"_monsterinsights_sitenote_note":"","_monsterinsights_sitenote_category":0,"footnotes":""},"class_list":["post-539","page","type-page","status-publish","hentry"],"aioseo_notices":[],"_links":{"self":[{"href":"https:\/\/www.instaluj.cz\/anydesk\/wp-json\/wp\/v2\/pages\/539","targetHints":{"allow":["GET"]}}],"collection":[{"href":"https:\/\/www.instaluj.cz\/anydesk\/wp-json\/wp\/v2\/pages"}],"about":[{"href":"https:\/\/www.instaluj.cz\/anydesk\/wp-json\/wp\/v2\/types\/page"}],"author":[{"embeddable":true,"href":"https:\/\/www.instaluj.cz\/anydesk\/wp-json\/wp\/v2\/users\/1"}],"replies":[{"embeddable":true,"href":"https:\/\/www.instaluj.cz\/anydesk\/wp-json\/wp\/v2\/comments?post=539"}],"version-history":[{"count":7,"href":"https:\/\/www.instaluj.cz\/anydesk\/wp-json\/wp\/v2\/pages\/539\/revisions"}],"predecessor-version":[{"id":6384,"href":"https:\/\/www.instaluj.cz\/anydesk\/wp-json\/wp\/v2\/pages\/539\/revisions\/6384"}],"up":[{"embeddable":true,"href":"https:\/\/www.instaluj.cz\/anydesk\/wp-json\/wp\/v2\/pages\/30"}],"wp:attachment":[{"href":"https:\/\/www.instaluj.cz\/anydesk\/wp-json\/wp\/v2\/media?parent=539"}],"curies":[{"name":"wp","href":"https:\/\/api.w.org\/{rel}","templated":true}]}}