{"id":52,"date":"2022-10-11T14:20:09","date_gmt":"2022-10-11T13:20:09","guid":{"rendered":"https:\/\/www.instaluj.cz\/anydesk\/?page_id=52"},"modified":"2022-11-30T13:23:37","modified_gmt":"2022-11-30T12:23:37","slug":"zasady-ochrany-osobnich-udaju","status":"publish","type":"page","link":"https:\/\/www.instaluj.cz\/anydesk\/zasady-ochrany-osobnich-udaju\/","title":{"rendered":"Z\u00e1sady ochrany osobn\u00edch \u00fadaj\u016f"},"content":{"rendered":"\n<p><\/p>\n\n\n\n<h2 class=\"wp-block-heading\">Cookies<\/h2>\n\n\n\n<p>Tento web pou\u017e\u00edv\u00e1 k poskytov\u00e1n\u00ed slu\u017eeb, personalizaci reklam a anal\u00fdze n\u00e1v\u0161t\u011bvnosti soubory cookie. Pou\u017e\u00edv\u00e1n\u00edm tohoto webu s t\u00edm souhlas\u00edte. Jako cookie (anglicky kol\u00e1\u010dek, oplatka, su\u0161enka) se v protokolu HTTP ozna\u010duje mal\u00e9 mno\u017estv\u00ed dat, kter\u00e1 servery po\u0161lou prohl\u00ed\u017ee\u010di. Ten je ulo\u017e\u00ed na po\u010d\u00edta\u010di u\u017eivatele.<\/p>\n\n\n\n<p>P\u0159i ka\u017ed\u00e9 dal\u0161\u00ed n\u00e1v\u0161t\u011bv\u011b str\u00e1nek pak prohl\u00ed\u017ee\u010d tato data pos\u00edl\u00e1 zp\u011bt serveru. Cookies b\u011b\u017en\u011b slou\u017e\u00ed k anonymn\u00edmu rozli\u0161ov\u00e1n\u00ed jednotliv\u00fdch u\u017eivatel\u016f, ukl\u00e1d\u00e1 se do nich obsah \u201en\u00e1kupn\u00edho ko\u0161\u00edku\u201c v elektronick\u00fdch obchodech, u\u017eivatelsk\u00e9 p\u0159edvolby apod.<\/p>\n\n\n\n<p>Technicky jde o s\u00e9rii k\u00f3d\u016f, podle kter\u00fdch prohl\u00ed\u017ee\u010d shroma\u017e\u010fuje a n\u00e1sledn\u011b odes\u00edl\u00e1 informace o na\u0161em chov\u00e1n\u00ed zp\u011bt na p\u0159\u00edslu\u0161n\u00fd server. Cookies obsahuj\u00ed informaci o tom, jak dlouho je m\u00e1 prohl\u00ed\u017ee\u010d uchov\u00e1vat (od jednor\u00e1zov\u00fdch a\u017e po n\u011bkolikalet\u00e9). Cookies nejsou p\u0159\u00edmo v\u00e1z\u00e1ny na na\u0161e jm\u00e9no ani e-mailovou adresu, \u010dasto ale obsahuj\u00ed na\u0161e p\u0159ihla\u0161ovac\u00ed \u00fadaje do syst\u00e9mu.<\/p>\n\n\n\n<p>Jsou spole\u010dn\u00e9 pro jednu instalaci prohl\u00ed\u017ee\u010de.&nbsp;Cookies nejsou nijak zabezpe\u010deny, a to v\u010detn\u011b shrom\u00e1\u017ed\u011bn\u00fdch \u00fadaj\u016f.&nbsp;Jak Google vyu\u017e\u00edv\u00e1 soubory cookie zjist\u00edte&nbsp;<a href=\"https:\/\/www.google.com\/policies\/technologies\/cookies\/\" target=\"_blank\" rel=\"noreferrer noopener\">zde<\/a>.<\/p>\n\n\n\n<p>Pou\u017e\u00edv\u00e1n\u00ed soubor\u016f cookie lze nastavit ve va\u0161em internetov\u00e9m prohl\u00ed\u017ee\u010di. V\u011bt\u0161ina prohl\u00ed\u017ee\u010d\u016f je automaticky p\u0159ij\u00edm\u00e1 ji\u017e ve v\u00fdchoz\u00edm nastaven\u00ed.<\/p>\n\n\n\n<p>Soubory cookie lze odm\u00edtnout nebo nastavit u\u017e\u00edv\u00e1n\u00ed jen n\u011bkter\u00fdch. Informace o prohl\u00ed\u017ee\u010d\u00edch a o zp\u016fsobu nastaven\u00ed p\u0159edvoleb pro soubory cookie m\u016f\u017eete nal\u00e9zt na n\u00e1sleduj\u00edc\u00edch webov\u00fdch str\u00e1nk\u00e1ch:<\/p>\n\n\n\n<p><a href=\"https:\/\/support.google.com\/accounts\/answer\/61416?hl=cs\">Chrome<\/a><\/p>\n\n\n\n<p><a href=\"https:\/\/support.mozilla.org\/cs\/kb\/povoleni-zakazani-cookies\">Firefox<\/a><\/p>\n\n\n\n<p><a href=\"https:\/\/support.microsoft.com\/cs-cz\/help\/283185\/how-to-manage-cookies-in-internet-explorer-6\">Internet Explorer<\/a><\/p>\n\n\n\n<h2 class=\"wp-block-heading\">GDPR &#8211; Ochrana osobn\u00edch \u00fadaj\u016f<\/h2>\n\n\n\n<h2 class=\"wp-block-heading\">Spr\u00e1vce osobn\u00edch \u00fadaj\u016f<\/h2>\n\n\n\n<p>Spr\u00e1vcem osobn\u00edch \u00fadaj\u016f podle \u010dl. 4 bod 7 na\u0159\u00edzen\u00ed Evropsk\u00e9ho parlamentu a Rady (EU) 2016\/679 o ochran\u011b fyzick\u00fdch osob v souvislosti se zpracov\u00e1n\u00edm osobn\u00edch \u00fadaj\u016f a o voln\u00e9m pohybu t\u011bchto \u00fadaj\u016f (d\u00e1le jen: &#8222;GDPR&#8220;) je PS Media&nbsp;s.r.o., Old\u0159ichovice 738, 739 61 T\u0159inec, I\u010c 26826682. (d\u00e1le jen &#8222;spr\u00e1vce&#8220;).<\/p>\n\n\n\n<h2 class=\"wp-block-heading\">Kontaktn\u00ed \u00fadaje na spr\u00e1vce:<\/h2>\n\n\n\n<p>Tel. 558 324 884<br>Email: info@psmedia.cz<\/p>\n\n\n\n<h2 class=\"wp-block-heading\">Evidovan\u00e9 osobn\u00ed \u00fadaje k registraci na port\u00e1lu<\/h2>\n\n\n\n<p>K registraci evidujeme tyto osobn\u00ed \u00fadaje povinn\u011b:<\/p>\n\n\n\n<ul class=\"wp-block-list\">\n<li>jm\u00e9no a p\u0159\u00edjmen\u00ed, email<\/li>\n<\/ul>\n\n\n\n<p>Voliteln\u011b (nepovinn\u011b) pak:<\/p>\n\n\n\n<ul class=\"wp-block-list\">\n<li>titul, datum narozen\u00ed, telefonn\u00ed \u010d\u00edslo, profilov\u00e9 foto&nbsp;<\/li>\n<\/ul>\n\n\n\n<h2 class=\"wp-block-heading\">Evidovan\u00e9 osobn\u00ed \u00fadaje u diskuze<\/h2>\n\n\n\n<p>V p\u0159\u00edpad\u011b zad\u00e1n\u00ed evidujeme u diskuze Jm\u00e9no, nen\u00ed-li vlo\u017eena p\u0159ezd\u00edvka, a voliteln\u011b email.&nbsp;<\/p>\n\n\n\n<h2 class=\"wp-block-heading\">Souhlas se zpracov\u00e1n\u00edm osobn\u00edch \u00fadaj\u016f<\/h2>\n\n\n\n<p>Kliknut\u00edm na \u201edokon\u010dit registraci\u201c nebo &#8222;odeslat p\u0159\u00edsp\u011bvek&#8220; u diskuze, u\u017eivatel souhlas\u00ed se zpracov\u00e1n\u00edm osobn\u00edch \u00fadaj\u016f dle Na\u0159\u00edzen\u00ed i s obchodn\u00edmi podm\u00ednkami dle z\u00e1kona \u010d.101\/2000 Sb., o ochran\u011b osobn\u00edch \u00fadaj\u016f, ve zn\u011bn\u00ed pozd\u011bj\u0161\u00edch p\u0159edpis\u016f.<\/p>\n\n\n\n<p>V\u00fd\u0161e uveden\u00e9 osobn\u00ed \u00fadaje organiza\u010dn\u00edho charakteru je nutn\u00e9 zpracovat pro odbaven\u00ed registrace, pokud k n\u011bmu mezi z\u00e1kazn\u00edkem a port\u00e1lem dojde. Takov\u00e9 zpracov\u00e1n\u00ed osobn\u00edch \u00fadaj\u016f umo\u017e\u0148uje a je pln\u011b v souladu s \u010dl. 6 odst. 1 Na\u0159\u00edzen\u00ed \u2013 zpracov\u00e1n\u00ed je nezbytn\u00e9 v r\u00e1mci obchodn\u00ed \u010dinnosti prod\u00e1vaj\u00edc\u00edho.<\/p>\n\n\n\n<h2 class=\"wp-block-heading\">Zabezpe\u010den\u00ed a archivace dat<\/h2>\n\n\n\n<p>V\u0161echny tyto v\u00fd\u0161e uveden\u00e9 \u00fadaje jsou zabezpe\u010deny na serveru extern\u00ed firmy s vysokou \u00farovni zabezpe\u010den\u00ed, datov\u00e1 komunikace prob\u00edh\u00e1 pomoc\u00ed \u0161ifrov\u00e1n\u00ed a dostupnost datab\u00e1ze je serverem omezena pouze na konkr\u00e9tn\u00ed um\u00edst\u011bn\u00ed na\u0161\u00ed kancel\u00e1\u0159e a zp\u0159\u00edstupn\u011bna pouze na\u0161im pro\u0161kolen\u00fdm pracovn\u00edk\u016fm na z\u00e1klad\u011b autorizace.&nbsp;Spr\u00e1vce osobn\u00ed \u00fadaje uchov\u00e1v\u00e1 pouze v nezbytn\u011b nutn\u00e9m rozsahu a dob\u011b nezbytn\u011b nutn\u00e9 a budou pou\u017eity jen pro nutn\u00e9 \u00fakony s t\u00edmto spojen\u00e9.<\/p>\n\n\n\n<h2 class=\"wp-block-heading\">Pr\u00e1vo na v\u00fdmaz<\/h2>\n\n\n\n<p>Na \u017e\u00e1dost u\u017eivatele (nap\u0159. emailem, p\u00edsemn\u011b nebo telefonicky) budou osobn\u00ed \u00fadaje z datab\u00e1ze vymaz\u00e1ny a nebudou nad\u00e1le zpracov\u00e1v\u00e1ny.<\/p>\n\n\n\n<p>V p\u0159\u00edpad\u011b z\u00e1jmu o odstran\u011bn\u00ed osobn\u00edch \u00fadaj\u016f, lze kontaktovat spr\u00e1vce s touto \u017e\u00e1dost\u00ed na v\u00fd\u0161e uveden\u00e9 adrese, e-mailu: info@psmedia.cz, tel. \u010d. +420 558 324 884. Osobn\u00ed \u00fadaje budou neprodlen\u011b odstran\u011bny.<\/p>\n\n\n\n<h2 class=\"wp-block-heading\">Dal\u0161\u00ed zpracovatel\u00e9 osobn\u00edch \u00fadaj\u016f<\/h2>\n\n\n\n<p>V p\u0159\u00edpad\u011b registrace na port\u00e1le www.instaluj.cz nebo koment\u00e1\u0159e v diskuzi na www.instaluj.cz nejsou osobn\u00ed data p\u0159ed\u00e1v\u00e1ny \u017e\u00e1dn\u00fdm t\u0159et\u00edm stran\u00e1m.&nbsp;<\/p>\n\n\n\n<p>V p\u0159\u00edpad\u011b z\u00e1jmu o cenovou nab\u00eddku\/projektovou cenu nebo objedn\u00e1n\u00ed mohou b\u00fdt v nezbytn\u011b nutn\u00fdch p\u0159\u00edpadech p\u0159ed\u00e1ny osobn\u00ed \u00fadaje firm\u011b AnyDesk Software GmbH.<\/p>\n\n\n\n<h2 class=\"wp-block-heading\">Vnit\u0159n\u00ed p\u0159edpisy<\/h2>\n\n\n\n<p>Spr\u00e1vce osobn\u00edch \u00fadaj\u016f se zavazuje vyd\u00e1n\u00edm vlastn\u00edho vnit\u0159n\u00edho p\u0159edpisu zajistit, \u017ee jeho zam\u011bstnanci, kte\u0159\u00ed maj\u00ed p\u0159\u00edstup k osobn\u00edm \u00fadaj\u016fm z\u00e1kazn\u00edka, jsou \u0159\u00e1dn\u011b pou\u010deni o z\u00e1sad\u00e1ch nakl\u00e1d\u00e1n\u00ed s osobn\u00edmi \u00fadaji, o zachov\u00e1n\u00ed ml\u010denlivosti a o p\u0159ijat\u00fdch vnit\u0159n\u00edch bezpe\u010dnostn\u00edch a organiza\u010dn\u00edch opat\u0159en\u00edch v souladu s Na\u0159\u00edzen\u00edm.<\/p>\n\n\n\n<h2 class=\"wp-block-heading\">Uchov\u00e1n\u00ed a archivace dat<\/h2>\n\n\n\n<p>Data uchov\u00e1v\u00e1me po dobu 30 let.&nbsp;Google Analytics uchov\u00e1v\u00e1 \u00fadaje o n\u00e1v\u0161t\u011bvn\u00edkovi po dobu 26 m\u011bs\u00edc\u016f.&nbsp;<\/p>\n\n\n\n<h2 class=\"wp-block-heading\">Pr\u00e1va<\/h2>\n\n\n\n<p>Z\u00e1kazn\u00edk bere na v\u011bdom\u00ed, \u017ee podle na\u0159\u00edzen\u00ed m\u00e1:<\/p>\n\n\n\n<ul class=\"wp-block-list\">\n<li>pr\u00e1vo na potvrzen\u00ed o zpracov\u00e1n\u00ed osobn\u00edch \u00fadaj\u016f&nbsp;<\/li>\n\n\n\n<li>pr\u00e1vo na ve\u0161ker\u00e9 informace, kter\u00e9 o z\u00e1kazn\u00edkovi evidujeme<\/li>\n\n\n\n<li>pr\u00e1vo na aktualizaci nebo opravu<\/li>\n\n\n\n<li>pr\u00e1vo na v\u00fdmaz<\/li>\n\n\n\n<li>pr\u00e1vo na omezen\u00ed zpracov\u00e1n\u00ed<\/li>\n\n\n\n<li>pr\u00e1vo na p\u0159enos<\/li>\n\n\n\n<li>pr\u00e1vo vzn\u00e9st n\u00e1mitku proti zpracov\u00e1n\u00ed<\/li>\n\n\n\n<li>pr\u00e1vo podat st\u00ed\u017enost u \u00da\u0159adu na ochranu osobn\u00edch \u00fadaj\u016f<\/li>\n<\/ul>\n\n\n\n<p><\/p>\n","protected":false},"excerpt":{"rendered":"<p>Cookies Tento web pou\u017e\u00edv\u00e1 k poskytov\u00e1n\u00ed slu\u017eeb, personalizaci reklam a anal\u00fdze n\u00e1v\u0161t\u011bvnosti soubory cookie. Pou\u017e\u00edv\u00e1n\u00edm tohoto webu s t\u00edm souhlas\u00edte. Jako cookie (anglicky kol\u00e1\u010dek, oplatka, su\u0161enka) se v protokolu HTTP ozna\u010duje mal\u00e9 mno\u017estv\u00ed dat, kter\u00e1 servery po\u0161lou prohl\u00ed\u017ee\u010di. Ten je ulo\u017e\u00ed na po\u010d\u00edta\u010di u\u017eivatele. P\u0159i ka\u017ed\u00e9 dal\u0161\u00ed n\u00e1v\u0161t\u011bv\u011b str\u00e1nek pak prohl\u00ed\u017ee\u010d tato data pos\u00edl\u00e1 zp\u011bt [&hellip;]<\/p>\n","protected":false},"author":1,"featured_media":0,"parent":0,"menu_order":0,"comment_status":"closed","ping_status":"closed","template":"","meta":{"om_disable_all_campaigns":false,"_monsterinsights_skip_tracking":false,"_monsterinsights_sitenote_active":false,"_monsterinsights_sitenote_note":"","_monsterinsights_sitenote_category":0,"footnotes":""},"class_list":["post-52","page","type-page","status-publish","hentry"],"aioseo_notices":[],"_links":{"self":[{"href":"https:\/\/www.instaluj.cz\/anydesk\/wp-json\/wp\/v2\/pages\/52","targetHints":{"allow":["GET"]}}],"collection":[{"href":"https:\/\/www.instaluj.cz\/anydesk\/wp-json\/wp\/v2\/pages"}],"about":[{"href":"https:\/\/www.instaluj.cz\/anydesk\/wp-json\/wp\/v2\/types\/page"}],"author":[{"embeddable":true,"href":"https:\/\/www.instaluj.cz\/anydesk\/wp-json\/wp\/v2\/users\/1"}],"replies":[{"embeddable":true,"href":"https:\/\/www.instaluj.cz\/anydesk\/wp-json\/wp\/v2\/comments?post=52"}],"version-history":[{"count":3,"href":"https:\/\/www.instaluj.cz\/anydesk\/wp-json\/wp\/v2\/pages\/52\/revisions"}],"predecessor-version":[{"id":821,"href":"https:\/\/www.instaluj.cz\/anydesk\/wp-json\/wp\/v2\/pages\/52\/revisions\/821"}],"wp:attachment":[{"href":"https:\/\/www.instaluj.cz\/anydesk\/wp-json\/wp\/v2\/media?parent=52"}],"curies":[{"name":"wp","href":"https:\/\/api.w.org\/{rel}","templated":true}]}}